{"version":"1.0","provider_name":"Audioson","provider_url":"https:\/\/audioson.es\/ca\/","author_name":"Audioson","author_url":"https:\/\/audioson.es\/ca\/blog-audioson\/author\/audioson\/","title":"Com cuidar l'audici\u00f3 a l'hivern? - Audioson | Centre auditiu Girona","type":"rich","width":600,"height":338,"html":"<blockquote class=\"wp-embedded-content\" data-secret=\"Y7nOYEkRta\"><a href=\"https:\/\/audioson.es\/ca\/blog-audioson\/prevencio\/com-cuidar-laudicio-a-lhivern\/\">Com cuidar l&#8217;audici\u00f3 a l&#8217;hivern?<\/a><\/blockquote><iframe sandbox=\"allow-scripts\" security=\"restricted\" src=\"https:\/\/audioson.es\/ca\/blog-audioson\/prevencio\/com-cuidar-laudicio-a-lhivern\/embed\/#?secret=Y7nOYEkRta\" width=\"600\" height=\"338\" title=\"&#8220;Com cuidar l&#8217;audici\u00f3 a l&#8217;hivern?&#8221; &#8212; Audioson\" data-secret=\"Y7nOYEkRta\" frameborder=\"0\" marginwidth=\"0\" marginheight=\"0\" scrolling=\"no\" class=\"wp-embedded-content\"><\/iframe><script type=\"text\/javascript\">\n\/* <![CDATA[ *\/\n\/*! This file is auto-generated *\/\n!function(d,l){\"use strict\";l.querySelector&&d.addEventListener&&\"undefined\"!=typeof URL&&(d.wp=d.wp||{},d.wp.receiveEmbedMessage||(d.wp.receiveEmbedMessage=function(e){var t=e.data;if((t||t.secret||t.message||t.value)&&!\/[^a-zA-Z0-9]\/.test(t.secret)){for(var s,r,n,a=l.querySelectorAll('iframe[data-secret=\"'+t.secret+'\"]'),o=l.querySelectorAll('blockquote[data-secret=\"'+t.secret+'\"]'),c=new RegExp(\"^https?:$\",\"i\"),i=0;i<o.length;i++)o[i].style.display=\"none\";for(i=0;i<a.length;i++)s=a[i],e.source===s.contentWindow&&(s.removeAttribute(\"style\"),\"height\"===t.message?(1e3<(r=parseInt(t.value,10))?r=1e3:~~r<200&&(r=200),s.height=r):\"link\"===t.message&&(r=new URL(s.getAttribute(\"src\")),n=new URL(t.value),c.test(n.protocol))&&n.host===r.host&&l.activeElement===s&&(d.top.location.href=t.value))}},d.addEventListener(\"message\",d.wp.receiveEmbedMessage,!1),l.addEventListener(\"DOMContentLoaded\",function(){for(var e,t,s=l.querySelectorAll(\"iframe.wp-embedded-content\"),r=0;r<s.length;r++)(t=(e=s[r]).getAttribute(\"data-secret\"))||(t=Math.random().toString(36).substring(2,12),e.src+=\"#?secret=\"+t,e.setAttribute(\"data-secret\",t)),e.contentWindow.postMessage({message:\"ready\",secret:t},\"*\")},!1)))}(window,document);\n\/\/# sourceURL=https:\/\/audioson.es\/wp-includes\/js\/wp-embed.min.js\n\/* ]]> *\/\n<\/script>\n","thumbnail_url":"https:\/\/audioson.es\/wp-content\/uploads\/2019\/12\/com-cuidar-laudicio-a-l-hivern-consells-audioson-girona.jpg","thumbnail_width":1920,"thumbnail_height":1280,"description":"Cuidar l'audici\u00f3 a l'hivern \u00e9s funamental si no volem patir conseq\u00fc\u00e8ncies derivades de un mal cuidado com per exemple un principi de p\u00e8rdua auditiva. \u00c9s molt important que vigilem els col\u00b7lectius de risc com les persones grans."}

Com cuidar l'audició a l'hivern? - Audioson | Centre auditiu Girona

<blockquote class="wp-embedded-content" data-secret="Y7nOYEkRta"><a href="https://audioson.es/ca/blog-audioson/prevencio/com-cuidar-laudicio-a-lhivern/">Com cuidar l&#8217;audició a l&#8217;hivern?</a></blockquote><iframe sandbox="allow-scripts" security="restricted" src="https://audioson.es/ca/blog-audioson/prevencio/com-cuidar-laudicio-a-lhivern/embed/#?secret=Y7nOYEkRta" width="600" height="338" title="&#8220;Com cuidar l&#8217;audició a l&#8217;hivern?&#8221; &#8212; Audioson" data-secret="Y7nOYEkRta" frameborder="0" marginwidth="0" marginheight="0" scrolling="no" class="wp-embedded-content"></iframe><script type="text/javascript">
/* <![CDATA[ */
/*! This file is auto-generated */
!function(d,l){"use strict";l.querySelector&&d.addEventListener&&"undefined"!=typeof URL&&(d.wp=d.wp||{},d.wp.receiveEmbedMessage||(d.wp.receiveEmbedMessage=function(e){var t=e.data;if((t||t.secret||t.message||t.value)&&!/[^a-zA-Z0-9]/.test(t.secret)){for(var s,r,n,a=l.querySelectorAll('iframe[data-secret="'+t.secret+'"]'),o=l.querySelectorAll('blockquote[data-secret="'+t.secret+'"]'),c=new RegExp("^https?:$","i"),i=0;i<o.length;i++)o[i].style.display="none";for(i=0;i<a.length;i++)s=a[i],e.source===s.contentWindow&&(s.removeAttribute("style"),"height"===t.message?(1e3<(r=parseInt(t.value,10))?r=1e3:~~r<200&&(r=200),s.height=r):"link"===t.message&&(r=new URL(s.getAttribute("src")),n=new URL(t.value),c.test(n.protocol))&&n.host===r.host&&l.activeElement===s&&(d.top.location.href=t.value))}},d.addEventListener("message",d.wp.receiveEmbedMessage,!1),l.addEventListener("DOMContentLoaded",function(){for(var e,t,s=l.querySelectorAll("iframe.wp-embedded-content"),r=0;r<s.length;r++)(t=(e=s[r]).getAttribute("data-secret"))||(t=Math.random().toString(36).substring(2,12),e.src+="#?secret="+t,e.setAttribute("data-secret",t)),e.contentWindow.postMessage({message:"ready",secret:t},"*")},!1)))}(window,document);
//# sourceURL=https://audioson.es/wp-includes/js/wp-embed.min.js
/* ]]> */
</script>

Cuidar l'audició a l'hivern és funamental si no volem patir conseqüències derivades de un mal cuidado com per exemple un principi de pèrdua auditiva. És molt important que vigilem els col·lectius de risc com les persones grans.
